{"id":12,"date":"2025-07-30T10:17:52","date_gmt":"2025-07-30T10:17:52","guid":{"rendered":"http:\/\/akademia360.eu\/?page_id=12"},"modified":"2025-07-30T17:02:16","modified_gmt":"2025-07-30T17:02:16","slug":"o-nas","status":"publish","type":"page","link":"https:\/\/akademia360.eu\/?page_id=12","title":{"rendered":"O nas"},"content":{"rendered":"\t\t<div data-elementor-type=\"wp-page\" data-elementor-id=\"12\" class=\"elementor elementor-12\" data-elementor-post-type=\"page\">\n\t\t\t\t<div class=\"elementor-element elementor-element-8694a1e e-flex e-con-boxed e-con e-parent\" data-id=\"8694a1e\" data-element_type=\"container\" data-e-type=\"container\" data-settings=\"{&quot;background_background&quot;:&quot;classic&quot;}\">\n\t\t\t\t\t<div class=\"e-con-inner\">\n\t\t\t\t<div class=\"elementor-element elementor-element-1d3420db elementor-widget__width-initial elementor-widget elementor-widget-elementskit-heading\" data-id=\"1d3420db\" data-element_type=\"widget\" data-e-type=\"widget\" data-widget_type=\"elementskit-heading.default\">\n\t\t\t\t\t<div class=\"ekit-wid-con\" ><div class=\"ekit-heading elementskit-section-title-wraper text_left   ekit_heading_tablet-   ekit_heading_mobile-\"><h1 class=\"ekit-heading--title elementskit-section-title \">Akademia Nowych Umiej\u0119tno\u015bci \u2013 360\u00b0<\/h1>\t\t\t\t<div class='ekit-heading__description'>\n\t\t\t\t\t<p>to przestrze\u0144, w kt\u00f3rej edukacja, rozw\u00f3j osobisty i nowe technologie spotykaj\u0105 si\u0119 w jednym miejscu.<\/p>\n\t\t\t\t<\/div>\n\t\t\t<\/div><\/div>\t\t\t\t<\/div>\n\t\t\t\t\t<\/div>\n\t\t\t\t<\/div>\n\t\t<div class=\"elementor-element elementor-element-df3a770 e-flex e-con-boxed e-con e-parent\" data-id=\"df3a770\" data-element_type=\"container\" data-e-type=\"container\">\n\t\t\t\t\t<div class=\"e-con-inner\">\n\t\t<div class=\"elementor-element elementor-element-f5e4fb2 e-con-full e-flex e-con e-child\" data-id=\"f5e4fb2\" data-element_type=\"container\" data-e-type=\"container\">\n\t\t\t\t<div class=\"elementor-element elementor-element-7090189 elementor-widget elementor-widget-text-editor\" data-id=\"7090189\" data-element_type=\"widget\" data-e-type=\"widget\" data-widget_type=\"text-editor.default\">\n\t\t\t\t\t\t\t\t\t<p>Nasz\u0105 misj\u0105 jest przygotowanie dzieci, m\u0142odzie\u017cy, doros\u0142ych oraz lokalnych firm z Chrzanowa, Trzebini i okolic do wyzwa\u0144 wsp\u00f3\u0142czesnego \u015bwiata.<\/p><p>Za\u0142o\u017cycielk\u0105 Akademii jest Izabella Brenner \u2013 liderka z wieloletnim do\u015bwiadczeniem w edukacji, zarz\u0105dzaniu i transformacji biznesowej. Akademia 360\u00b0 \u0142\u0105czy tradycyjne warto\u015bci edukacji z kompetencjami przysz\u0142o\u015bci, takimi jak krytyczne my\u015blenie, kreatywno\u015b\u0107, korzystanie z nowych technologii i rozw\u00f3j osobisty.<\/p>\t\t\t\t\t\t\t\t<\/div>\n\t\t\t\t<\/div>\n\t\t<div class=\"elementor-element elementor-element-9cd619f e-con-full e-flex e-con e-child\" data-id=\"9cd619f\" data-element_type=\"container\" data-e-type=\"container\">\n\t\t\t\t<div class=\"elementor-element elementor-element-16b4582 elementor-widget elementor-widget-text-editor\" data-id=\"16b4582\" data-element_type=\"widget\" data-e-type=\"widget\" data-widget_type=\"text-editor.default\">\n\t\t\t\t\t\t\t\t\t<p>Naszym g\u0142\u00f3wnym projektem jest <strong data-start=\"724\" data-end=\"757\">Szko\u0142a Matematyki MAT! PO-MOC<\/strong>, w kt\u00f3rej dzieci i m\u0142odzie\u017c ucz\u0105 si\u0119 w przyjaznej atmosferze, rozwijaj\u0105c logiczne my\u015blenie, pewno\u015b\u0107 siebie i samodzielno\u015b\u0107. Obok MAT! PO-MOC prowadzimy warsztaty z rozwoju osobistego, zaj\u0119cia z nowych technologii i AI oraz oferujemy wsparcie konsultingowe dla lokalnych firm.<\/p>\t\t\t\t\t\t\t\t<\/div>\n\t\t\t\t<\/div>\n\t\t\t\t\t<\/div>\n\t\t\t\t<\/div>\n\t\t\t\t<\/div>\n\t\t","protected":false},"excerpt":{"rendered":"<p>Akademia Nowych Umiej\u0119tno\u015bci \u2013 360\u00b0 to przestrze\u0144, w kt\u00f3rej edukacja, rozw\u00f3j osobisty i nowe technologie spotykaj\u0105 si\u0119 w jednym miejscu. Nasz\u0105 misj\u0105 jest przygotowanie dzieci, m\u0142odzie\u017cy, doros\u0142ych oraz lokalnych firm z Chrzanowa, Trzebini i okolic do wyzwa\u0144 wsp\u00f3\u0142czesnego \u015bwiata. Za\u0142o\u017cycielk\u0105 Akademii jest Izabella Brenner \u2013 liderka z wieloletnim do\u015bwiadczeniem w edukacji, zarz\u0105dzaniu i transformacji biznesowej. [&hellip;]<\/p>\n","protected":false},"author":1,"featured_media":0,"parent":0,"menu_order":0,"comment_status":"closed","ping_status":"closed","template":"","meta":{"postBodyCss":"","postBodyMargin":[],"postBodyPadding":[],"postBodyBackground":{"backgroundType":"classic","gradient":""},"site-sidebar-layout":"no-sidebar","site-content-layout":"","ast-site-content-layout":"full-width-container","site-content-style":"default","site-sidebar-style":"default","ast-global-header-display":"","ast-banner-title-visibility":"","ast-main-header-display":"","ast-hfb-above-header-display":"","ast-hfb-below-header-display":"","ast-hfb-mobile-header-display":"","site-post-title":"disabled","ast-breadcrumbs-content":"","ast-featured-img":"disabled","footer-sml-layout":"","theme-transparent-header-meta":"","adv-header-id-meta":"","stick-header-meta":"","header-above-stick-meta":"","header-main-stick-meta":"","header-below-stick-meta":"","astra-migrate-meta-layouts":"default","ast-page-background-enabled":"default","ast-page-background-meta":{"desktop":{"background-color":"var(--ast-global-color-5)","background-image":"","background-repeat":"repeat","background-position":"center center","background-size":"auto","background-attachment":"scroll","background-type":"","background-media":"","overlay-type":"","overlay-color":"","overlay-opacity":"","overlay-gradient":""},"tablet":{"background-color":"","background-image":"","background-repeat":"repeat","background-position":"center center","background-size":"auto","background-attachment":"scroll","background-type":"","background-media":"","overlay-type":"","overlay-color":"","overlay-opacity":"","overlay-gradient":""},"mobile":{"background-color":"","background-image":"","background-repeat":"repeat","background-position":"center center","background-size":"auto","background-attachment":"scroll","background-type":"","background-media":"","overlay-type":"","overlay-color":"","overlay-opacity":"","overlay-gradient":""}},"ast-content-background-meta":{"desktop":{"background-color":"var(--ast-global-color-4)","background-image":"","background-repeat":"repeat","background-position":"center center","background-size":"auto","background-attachment":"scroll","background-type":"","background-media":"","overlay-type":"","overlay-color":"","overlay-opacity":"","overlay-gradient":""},"tablet":{"background-color":"var(--ast-global-color-4)","background-image":"","background-repeat":"repeat","background-position":"center center","background-size":"auto","background-attachment":"scroll","background-type":"","background-media":"","overlay-type":"","overlay-color":"","overlay-opacity":"","overlay-gradient":""},"mobile":{"background-color":"var(--ast-global-color-4)","background-image":"","background-repeat":"repeat","background-position":"center center","background-size":"auto","background-attachment":"scroll","background-type":"","background-media":"","overlay-type":"","overlay-color":"","overlay-opacity":"","overlay-gradient":""}},"footnotes":""},"class_list":["post-12","page","type-page","status-publish","hentry"],"_links":{"self":[{"href":"https:\/\/akademia360.eu\/index.php?rest_route=\/wp\/v2\/pages\/12","targetHints":{"allow":["GET"]}}],"collection":[{"href":"https:\/\/akademia360.eu\/index.php?rest_route=\/wp\/v2\/pages"}],"about":[{"href":"https:\/\/akademia360.eu\/index.php?rest_route=\/wp\/v2\/types\/page"}],"author":[{"embeddable":true,"href":"https:\/\/akademia360.eu\/index.php?rest_route=\/wp\/v2\/users\/1"}],"replies":[{"embeddable":true,"href":"https:\/\/akademia360.eu\/index.php?rest_route=%2Fwp%2Fv2%2Fcomments&post=12"}],"version-history":[{"count":13,"href":"https:\/\/akademia360.eu\/index.php?rest_route=\/wp\/v2\/pages\/12\/revisions"}],"predecessor-version":[{"id":131,"href":"https:\/\/akademia360.eu\/index.php?rest_route=\/wp\/v2\/pages\/12\/revisions\/131"}],"wp:attachment":[{"href":"https:\/\/akademia360.eu\/index.php?rest_route=%2Fwp%2Fv2%2Fmedia&parent=12"}],"curies":[{"name":"wp","href":"https:\/\/api.w.org\/{rel}","templated":true}]}}