{"id":14,"date":"2025-07-30T10:18:31","date_gmt":"2025-07-30T10:18:31","guid":{"rendered":"http:\/\/akademia360.eu\/?page_id=14"},"modified":"2025-08-07T11:30:57","modified_gmt":"2025-08-07T09:30:57","slug":"szkola-matematyki-matpo-moc","status":"publish","type":"page","link":"https:\/\/akademia360.eu\/","title":{"rendered":"Szko\u0142a Matematyki MAT!PO-MOC"},"content":{"rendered":"\t\t<div data-elementor-type=\"wp-page\" data-elementor-id=\"14\" class=\"elementor elementor-14\" data-elementor-post-type=\"page\">\n\t\t\t\t<div class=\"elementor-element elementor-element-1722521 e-flex e-con-boxed e-con e-parent\" data-id=\"1722521\" data-element_type=\"container\" data-e-type=\"container\">\n\t\t\t\t\t<div class=\"e-con-inner\">\n\t\t\t\t<div class=\"elementor-element elementor-element-b377bb1 elementor-widget elementor-widget-video\" data-id=\"b377bb1\" data-element_type=\"widget\" data-e-type=\"widget\" data-settings=\"{&quot;video_type&quot;:&quot;hosted&quot;,&quot;autoplay&quot;:&quot;yes&quot;,&quot;play_on_mobile&quot;:&quot;yes&quot;,&quot;loop&quot;:&quot;yes&quot;,&quot;controls&quot;:&quot;yes&quot;}\" data-widget_type=\"video.default\">\n\t\t\t\t\t\t\t<div class=\"e-hosted-video elementor-wrapper elementor-open-inline\">\n\t\t\t\t\t<video class=\"elementor-video\" src=\"http:\/\/akademia360.eu\/wp-content\/uploads\/2025\/07\/TELEBIM-REKLAMA-Chrzanow-Trzebinia-1920-x-1080-px.mp4\" autoplay=\"\" loop=\"\" controls=\"\" playsinline=\"\" controlsList=\"nodownload\"><\/video>\n\t\t\t\t<\/div>\n\t\t\t\t\t\t<\/div>\n\t\t\t\t<div class=\"elementor-element elementor-element-f1d62a1 elementor-widget elementor-widget-text-editor\" data-id=\"f1d62a1\" data-element_type=\"widget\" data-e-type=\"widget\" data-widget_type=\"text-editor.default\">\n\t\t\t\t\t\t\t\t\t<p data-start=\"189\" data-end=\"522\"><strong data-start=\"190\" data-end=\"205\">MAT! PO-MOC<\/strong> to autorski program nauczania matematyki stworzony z my\u015bl\u0105 o dzieciach i m\u0142odzie\u017cy z Chrzanowa i okolic. Naszym celem jest nie tylko poprawa wynik\u00f3w w szkole, ale przede wszystkim rozwijanie umiej\u0119tno\u015bci, kt\u00f3re naprawd\u0119 si\u0119 licz\u0105: logicznego my\u015blenia, odwagi w rozwi\u0105zywaniu problem\u00f3w i wiary we w\u0142asne mo\u017cliwo\u015bci.<\/p><p data-start=\"524\" data-end=\"539\">Na zaj\u0119ciach:<\/p><ul data-start=\"540\" data-end=\"800\"><li data-start=\"540\" data-end=\"592\"><p data-start=\"542\" data-end=\"592\">uczymy matematyki w spos\u00f3b zrozumia\u0142y i ciekawy,<\/p><\/li><li data-start=\"593\" data-end=\"713\"><p data-start=\"595\" data-end=\"713\">pokazujemy, jak od przedszkola do matury radzi\u0107 sobie w szkole bez stresu i z rado\u015bci\u0105 zdobywa\u0107 wiedz\u0119 z matematyki,<\/p><\/li><li data-start=\"714\" data-end=\"800\"><p data-start=\"716\" data-end=\"800\">budujemy pewno\u015b\u0107 siebie, kt\u00f3ra pomaga nie tylko w nauce, ale te\u017c w codziennym \u017cyciu.<\/p><\/li><\/ul><p data-start=\"802\" data-end=\"830\"><strong data-start=\"802\" data-end=\"828\">Jak wygl\u0105daj\u0105 zaj\u0119cia?<\/strong><\/p><ul data-start=\"831\" data-end=\"1032\"><li data-start=\"831\" data-end=\"912\"><p data-start=\"833\" data-end=\"912\">Spotykamy si\u0119 <strong data-start=\"847\" data-end=\"865\">raz w tygodniu<\/strong>, w kameralnych grupach (maksymalnie 8 os\u00f3b),<\/p><\/li><li data-start=\"913\" data-end=\"948\"><p data-start=\"915\" data-end=\"948\">Ka\u017cda lekcja trwa <strong data-start=\"933\" data-end=\"945\">60 minut<\/strong>,<\/p><\/li><li data-start=\"949\" data-end=\"1032\"><p data-start=\"951\" data-end=\"1032\">Zaj\u0119cia odbywaj\u0105 si\u0119 w biurze <strong data-start=\"981\" data-end=\"1031\">Akademia 360\u00b0 przy Alei Henryka 7 w Chrzanowie<\/strong>.<\/p><\/li><\/ul><p data-start=\"1034\" data-end=\"1143\"><strong data-start=\"1034\" data-end=\"1044\">Koszt:<\/strong><br data-start=\"1044\" data-end=\"1047\" \/>Ka\u017cda lekcja kosztuje <strong data-start=\"1069\" data-end=\"1079\">70 PLN<\/strong>, a rozliczenie odbywa si\u0119 w formie <strong data-start=\"1115\" data-end=\"1142\">miesi\u0119cznego abonamentu<\/strong>.<\/p><p data-start=\"1145\" data-end=\"1320\"><strong data-start=\"1145\" data-end=\"1165\">Lekcje pokazowe:<\/strong><br data-start=\"1165\" data-end=\"1168\" \/>Zapraszamy dzieci i rodzic\u00f3w na <strong data-start=\"1200\" data-end=\"1230\">bezp\u0142atne zaj\u0119cia pokazowe<\/strong> \u2013 aby zobaczy\u0107, jak uczymy i sprawdzi\u0107, czy nasze podej\u015bcie jest odpowiednie dla dziecka.<\/p><p data-start=\"1322\" data-end=\"1512\"><strong data-start=\"1322\" data-end=\"1333\">Zapisy:<\/strong><br data-start=\"1333\" data-end=\"1336\" \/>Wype\u0142nij formularz poni\u017cej (MS Forms) lub skontaktuj si\u0119 z nami <strong data-start=\"1400\" data-end=\"1430\">mailowo lub przez WhatsApp<\/strong> \u2013 <strong data-start=\"1433\" data-end=\"1512\">skontaktujemy si\u0119 z Tob\u0105, aby ustali\u0107 szczeg\u00f3\u0142y i dobra\u0107 odpowiedni\u0105 grup\u0119.<\/strong><\/p>\t\t\t\t\t\t\t\t<\/div>\n\t\t\t\t\t<\/div>\n\t\t\t\t<\/div>\n\t\t<div class=\"elementor-element elementor-element-ee44e7c e-flex e-con-boxed e-con e-parent\" data-id=\"ee44e7c\" data-element_type=\"container\" data-e-type=\"container\">\n\t\t\t\t\t<div class=\"e-con-inner\">\n\t\t\t\t<div class=\"elementor-element elementor-element-31c7cdc elementor-button-info elementor-widget elementor-widget-button\" data-id=\"31c7cdc\" data-element_type=\"widget\" data-e-type=\"widget\" data-widget_type=\"button.default\">\n\t\t\t\t\t\t\t\t\t\t<a class=\"elementor-button elementor-button-link elementor-size-sm\" href=\"https:\/\/forms.office.com\/e\/bPkzYuXxti\">\n\t\t\t\t\t\t<span class=\"elementor-button-content-wrapper\">\n\t\t\t\t\t\t\t\t\t<span class=\"elementor-button-text\">Zapisz dziecko na zaj\u0119cia<\/span>\n\t\t\t\t\t<\/span>\n\t\t\t\t\t<\/a>\n\t\t\t\t\t\t\t\t<\/div>\n\t\t\t\t\t<\/div>\n\t\t\t\t<\/div>\n\t\t<div class=\"elementor-element elementor-element-45a14987 e-flex e-con-boxed e-con e-parent\" data-id=\"45a14987\" data-element_type=\"container\" data-e-type=\"container\" id=\"xs_social_1\">\n\t\t\t\t\t<div class=\"e-con-inner\">\n\t\t\t\t<div class=\"elementor-element elementor-element-7a72c1b1 elementor-widget elementor-widget-elementskit-heading\" data-id=\"7a72c1b1\" data-element_type=\"widget\" data-e-type=\"widget\" data-widget_type=\"elementskit-heading.default\">\n\t\t\t\t\t<div class=\"ekit-wid-con\" ><div class=\"ekit-heading elementskit-section-title-wraper center   ekit_heading_tablet-   ekit_heading_mobile-\"><\/div><\/div>\t\t\t\t<\/div>\n\t\t\t\t<div class=\"elementor-element elementor-element-1765db34 elementor-widget elementor-widget-elementskit-social-media\" data-id=\"1765db34\" data-element_type=\"widget\" data-e-type=\"widget\" data-widget_type=\"elementskit-social-media.default\">\n\t\t\t\t<div class=\"elementor-widget-container\">\n\t\t\t\t\t<div class=\"ekit-wid-con\" >\t\t\t <ul class=\"ekit_social_media\">\n\t\t\t\t\t\t\t\t\t\t\t\t\t\t<li class=\"elementor-repeater-item-172011e\">\n\t\t\t\t\t    <a\n\t\t\t\t\t\thref=\"https:\/\/www.facebook.com\/matpomoc.chrzanow\/\" aria-label=\"Facebook\" class=\"f\" >\n\t\t\t\t\t\t\t\t\t\t\t\t\t\t\n\t\t\t\t\t\t\t<svg aria-hidden=\"true\" class=\"e-font-icon-svg e-fab-facebook-f\" viewBox=\"0 0 320 512\" xmlns=\"http:\/\/www.w3.org\/2000\/svg\"><path d=\"M279.14 288l14.22-92.66h-88.91v-60.13c0-25.35 12.42-50.06 52.24-50.06h40.42V6.26S260.43 0 225.36 0c-73.22 0-121.08 44.38-121.08 124.72v70.62H22.89V288h81.39v224h100.17V288z\"><\/path><\/svg>\t\t\t\t\t\t\t\t\t\n                                                                                                            <\/a>\n                    <\/li>\n                    \t\t\t\t\t\t\t\t\t\t\t\t\t\t<li class=\"elementor-repeater-item-fa40825\">\n\t\t\t\t\t    <a\n\t\t\t\t\t\thref=\"https:\/\/www.instagram.com\/matpomoc_chrzanow\/\" aria-label=\"Instagram\" class=\"instagram\" >\n\t\t\t\t\t\t\t\t\t\t\t\t\t\t\n\t\t\t\t\t\t\t<svg aria-hidden=\"true\" class=\"e-font-icon-svg e-fab-instagram\" viewBox=\"0 0 448 512\" xmlns=\"http:\/\/www.w3.org\/2000\/svg\"><path d=\"M224.1 141c-63.6 0-114.9 51.3-114.9 114.9s51.3 114.9 114.9 114.9S339 319.5 339 255.9 287.7 141 224.1 141zm0 189.6c-41.1 0-74.7-33.5-74.7-74.7s33.5-74.7 74.7-74.7 74.7 33.5 74.7 74.7-33.6 74.7-74.7 74.7zm146.4-194.3c0 14.9-12 26.8-26.8 26.8-14.9 0-26.8-12-26.8-26.8s12-26.8 26.8-26.8 26.8 12 26.8 26.8zm76.1 27.2c-1.7-35.9-9.9-67.7-36.2-93.9-26.2-26.2-58-34.4-93.9-36.2-37-2.1-147.9-2.1-184.9 0-35.8 1.7-67.6 9.9-93.9 36.1s-34.4 58-36.2 93.9c-2.1 37-2.1 147.9 0 184.9 1.7 35.9 9.9 67.7 36.2 93.9s58 34.4 93.9 36.2c37 2.1 147.9 2.1 184.9 0 35.9-1.7 67.7-9.9 93.9-36.2 26.2-26.2 34.4-58 36.2-93.9 2.1-37 2.1-147.8 0-184.8zM398.8 388c-7.8 19.6-22.9 34.7-42.6 42.6-29.5 11.7-99.5 9-132.1 9s-102.7 2.6-132.1-9c-19.6-7.8-34.7-22.9-42.6-42.6-11.7-29.5-9-99.5-9-132.1s-2.6-102.7 9-132.1c7.8-19.6 22.9-34.7 42.6-42.6 29.5-11.7 99.5-9 132.1-9s102.7-2.6 132.1 9c19.6 7.8 34.7 22.9 42.6 42.6 11.7 29.5 9 99.5 9 132.1s2.7 102.7-9 132.1z\"><\/path><\/svg>\t\t\t\t\t\t\t\t\t\n                                                                                                            <\/a>\n                    <\/li>\n                    \t\t\t\t\t\t\t\t\t\t\t\t\t\t<li class=\"elementor-repeater-item-fcac6d9\">\n\t\t\t\t\t    <a\n\t\t\t\t\t\thref=\"https:\/\/www.tiktok.com\/@matpomoc_chrzanow\" aria-label=\"TikTok\" class=\"tiktok\" >\n\t\t\t\t\t\t\t\t\t\t\t\t\t\t\n\t\t\t\t\t\t\t<svg aria-hidden=\"true\" class=\"e-font-icon-svg e-fab-tiktok\" viewBox=\"0 0 448 512\" xmlns=\"http:\/\/www.w3.org\/2000\/svg\"><path d=\"M448,209.91a210.06,210.06,0,0,1-122.77-39.25V349.38A162.55,162.55,0,1,1,185,188.31V278.2a74.62,74.62,0,1,0,52.23,71.18V0l88,0a121.18,121.18,0,0,0,1.86,22.17h0A122.18,122.18,0,0,0,381,102.39a121.43,121.43,0,0,0,67,20.14Z\"><\/path><\/svg>\t\t\t\t\t\t\t\t\t\n                                                                                                            <\/a>\n                    <\/li>\n                    \t\t\t\t\t\t\t<\/ul>\n\t\t<\/div>\t\t\t\t<\/div>\n\t\t\t\t<\/div>\n\t\t\t\t\t<\/div>\n\t\t\t\t<\/div>\n\t\t\t\t<\/div>\n\t\t","protected":false},"excerpt":{"rendered":"<p>http:\/\/akademia360.eu\/wp-content\/uploads\/2025\/07\/TELEBIM-REKLAMA-Chrzanow-Trzebinia-1920-x-1080-px.mp4 MAT! PO-MOC to autorski program nauczania matematyki stworzony z my\u015bl\u0105 o dzieciach i m\u0142odzie\u017cy z Chrzanowa i okolic. Naszym celem jest nie tylko poprawa wynik\u00f3w w szkole, ale przede wszystkim rozwijanie umiej\u0119tno\u015bci, kt\u00f3re naprawd\u0119 si\u0119 licz\u0105: logicznego my\u015blenia, odwagi w rozwi\u0105zywaniu problem\u00f3w i wiary we w\u0142asne mo\u017cliwo\u015bci. Na zaj\u0119ciach: uczymy matematyki w spos\u00f3b zrozumia\u0142y [&hellip;]<\/p>\n","protected":false},"author":1,"featured_media":0,"parent":0,"menu_order":0,"comment_status":"closed","ping_status":"closed","template":"","meta":{"postBodyCss":"","postBodyMargin":[],"postBodyPadding":[],"postBodyBackground":{"backgroundType":"classic","gradient":""},"site-sidebar-layout":"no-sidebar","site-content-layout":"","ast-site-content-layout":"full-width-container","site-content-style":"default","site-sidebar-style":"default","ast-global-header-display":"","ast-banner-title-visibility":"","ast-main-header-display":"","ast-hfb-above-header-display":"","ast-hfb-below-header-display":"","ast-hfb-mobile-header-display":"","site-post-title":"disabled","ast-breadcrumbs-content":"","ast-featured-img":"disabled","footer-sml-layout":"","theme-transparent-header-meta":"","adv-header-id-meta":"","stick-header-meta":"","header-above-stick-meta":"","header-main-stick-meta":"","header-below-stick-meta":"","astra-migrate-meta-layouts":"default","ast-page-background-enabled":"default","ast-page-background-meta":{"desktop":{"background-color":"var(--ast-global-color-5)","background-image":"","background-repeat":"repeat","background-position":"center center","background-size":"auto","background-attachment":"scroll","background-type":"","background-media":"","overlay-type":"","overlay-color":"","overlay-opacity":"","overlay-gradient":""},"tablet":{"background-color":"","background-image":"","background-repeat":"repeat","background-position":"center center","background-size":"auto","background-attachment":"scroll","background-type":"","background-media":"","overlay-type":"","overlay-color":"","overlay-opacity":"","overlay-gradient":""},"mobile":{"background-color":"","background-image":"","background-repeat":"repeat","background-position":"center center","background-size":"auto","background-attachment":"scroll","background-type":"","background-media":"","overlay-type":"","overlay-color":"","overlay-opacity":"","overlay-gradient":""}},"ast-content-background-meta":{"desktop":{"background-color":"var(--ast-global-color-4)","background-image":"","background-repeat":"repeat","background-position":"center center","background-size":"auto","background-attachment":"scroll","background-type":"","background-media":"","overlay-type":"","overlay-color":"","overlay-opacity":"","overlay-gradient":""},"tablet":{"background-color":"var(--ast-global-color-4)","background-image":"","background-repeat":"repeat","background-position":"center center","background-size":"auto","background-attachment":"scroll","background-type":"","background-media":"","overlay-type":"","overlay-color":"","overlay-opacity":"","overlay-gradient":""},"mobile":{"background-color":"var(--ast-global-color-4)","background-image":"","background-repeat":"repeat","background-position":"center center","background-size":"auto","background-attachment":"scroll","background-type":"","background-media":"","overlay-type":"","overlay-color":"","overlay-opacity":"","overlay-gradient":""}},"footnotes":""},"class_list":["post-14","page","type-page","status-publish","hentry"],"_links":{"self":[{"href":"https:\/\/akademia360.eu\/index.php?rest_route=\/wp\/v2\/pages\/14","targetHints":{"allow":["GET"]}}],"collection":[{"href":"https:\/\/akademia360.eu\/index.php?rest_route=\/wp\/v2\/pages"}],"about":[{"href":"https:\/\/akademia360.eu\/index.php?rest_route=\/wp\/v2\/types\/page"}],"author":[{"embeddable":true,"href":"https:\/\/akademia360.eu\/index.php?rest_route=\/wp\/v2\/users\/1"}],"replies":[{"embeddable":true,"href":"https:\/\/akademia360.eu\/index.php?rest_route=%2Fwp%2Fv2%2Fcomments&post=14"}],"version-history":[{"count":46,"href":"https:\/\/akademia360.eu\/index.php?rest_route=\/wp\/v2\/pages\/14\/revisions"}],"predecessor-version":[{"id":187,"href":"https:\/\/akademia360.eu\/index.php?rest_route=\/wp\/v2\/pages\/14\/revisions\/187"}],"wp:attachment":[{"href":"https:\/\/akademia360.eu\/index.php?rest_route=%2Fwp%2Fv2%2Fmedia&parent=14"}],"curies":[{"name":"wp","href":"https:\/\/api.w.org\/{rel}","templated":true}]}}